
List the prime factors of 156101122.
2, 571, 136691
List the prime factors of 144784205.
5, 47, 616103
What are the prime factors of 311307546?
2, 3, 11, 547, 8623
List the prime factors of 65920547.
7, 11, 856111
What are the prime factors of 3101458822?
2, 7, 11, 411007
What are the prime factors of 571709354?
2, 17, 19, 884999
What are the prime factors of 6588886938?
2, 3, 283, 3880381
What are the prime factors of 43768005?
3, 5, 149, 19583
What are the prime factors of 120538851?
3, 40179617
List the prime factors of 23701361.
4127, 5743
What are the prime factors of 294083395?
5, 58816679
List the prime factors of 810306564.
2, 3, 17, 3972091
What are the prime factors of 1292131693?
15493, 83401
List the prime factors of 106704947.
97, 1100051
What are the prime factors of 1760606487?
3, 195622943
What are the prime factors of 19746579?
3, 6582193
What are the prime factors of 47342075?
5, 11, 172153
List the prime factors of 1469328240.
2, 3, 5, 6122201
List the prime factors of 113106827.
769, 147083
What are the prime factors of 57453411?
3, 47, 407471
List the prime factors of 871721122.
2, 18013, 24197
What are the prime factors of 401173183?
503, 797561
What are the prime factors of 3839904236?
2, 7, 2713, 50549
List the prime factors of 14122794.
2, 3, 7, 31, 10847
What are the prime factors of 638650790?
2, 5, 139, 263, 1747
List the prime factors of 134856740.
2, 5, 83, 81239
List the prime factors of 839451438.
2, 3, 7, 105751
List the prime factors of 27663309.
3, 37, 27691
List the prime factors of 49194762.
2, 3, 19, 431533
List the prime factors of 13015778.
2, 17, 41, 9337
List the prime factors of 589281979.
11, 13, 19, 19717
What are the prime factors of 372864197?
372864197
What are the prime factors of 39486510?
2, 3, 5, 7, 233, 269
What are the prime factors of 429526433?
7, 827, 74197
What are the prime factors of 44437824?
2, 3, 179, 431
What are the prime factors of 3090276?
2, 3, 7, 12263
List the prime factors of 38514202.
2, 19257101
List the prime factors of 19011629.
7, 13, 59, 3541
What are the prime factors of 24355382?
2, 557, 21863
What are the prime factors of 76072453?
71, 1071443
What are the prime factors of 2106533159?
439, 4798481
What are the prime factors of 176854702?
2, 29, 47, 64877
What are the prime factors of 1015696592?
2, 63481037
List the prime factors of 114325116.
2, 3, 37, 257489
What are the prime factors of 7948616554?
2, 29, 137045113
What are the prime factors of 96067787?
96067787
What are the prime factors of 33385071?
3, 19, 43, 53, 257
What are the prime factors of 34291065?
3, 5, 659, 3469
List the prime factors of 89339856.
2, 3, 47, 199
What are the prime factors of 268805924?
2, 1039, 64679
What are the prime factors of 1430050677?
3, 11, 31, 193, 7243
List the prime factors of 29437787.
449, 65563
List the prime factors of 3706025128.
2, 13, 35634857
What are the prime factors of 202789203?
3, 1877, 36013
List the prime factors of 300364221.
3, 59, 1696973
What are the prime factors of 266779588?
2, 66694897
List the prime factors of 15929175.
3, 5, 163, 1303
What are the prime factors of 54547683?
3, 47, 59, 79, 83
List the prime factors of 243095715.
3, 5, 1800709
List the prime factors of 479343436.
2, 11, 13, 29, 37, 71
What are the prime factors of 6073146864?
2, 3, 233, 317, 571
List the prime factors of 3030390442.
2, 41, 107, 569, 607
What are the prime factors of 5780698682?
2, 11, 1013, 259387
List the prime factors of 200922458.
2, 11, 9132839
List the prime factors of 601440617.
487, 1234991
What are the prime factors of 450098275?
5, 11, 1636721
What are the prime factors of 888332495?
5, 29, 6126431
List the prime factors of 54072815.
5, 1087, 9949
What are the prime factors of 285717391?
285717391
What are the prime factors of 155941585?
5, 3307, 9431
What are the prime factors of 147843968?
2, 17, 67943
List the prime factors of 2141870288.
2, 133866893
What are the prime factors of 79712835?
3, 5, 59, 90071
List the prime factors of 864338424.
2, 3, 19, 1895479
What are the prime factors of 19202411?
97, 197963
List the prime factors of 6233928596.
2, 7, 1627, 136841
List the prime factors of 83754454.
2, 7, 23, 43, 263
What are the prime factors of 167701542?
2, 3, 887, 31511
List the prime factors of 43081497.
3, 1595611
List the prime factors of 4074507489.
3, 13, 157, 409, 1627
List the prime factors of 2633578069.
17, 154916357
List the prime factors of 10547588.
2, 2636897
List the prime factors of 81923817.
3, 27307939
What are the prime factors of 63708528?
2, 3, 13, 23, 193
List the prime factors of 2337176782.
2, 97, 124199
List the prime factors of 354397394.
2, 13, 31, 149, 227
What are the prime factors of 176588595?
3, 5, 23, 61, 2797
What are the prime factors of 359372592?
2, 3, 831881
What are the prime factors of 450247210?
2, 5, 7, 17, 71, 73
What are the prime factors of 589882578?
2, 3, 98313763
List the prime factors of 305310882.
2, 3, 2141, 23767
List the prime factors of 161791856.
2, 17, 594823
List the prime factors of 97278725.
5, 1637, 2377
List the prime factors of 502437794.
2, 271, 927007
What are the prime factors of 52126746?
2, 3, 7, 29, 42797
What are the prime factors of 142079793?
3, 47359931
List the prime factors of 274919669.
103, 2669123
What are the prime factors of 115138908?
2, 3, 47, 7561
What are the prime factors of 4880181535?
5, 976036307
What are the prime factors of 43536969?
3, 7, 691063
List the prime factors of 47785039.
1063, 44953
List the prime factors of 40444632.
2, 3, 17, 173, 191
List the prime factors of 214420345.
5, 29, 47, 73, 431
What are the prime factors of 641940602?
2, 37, 547, 15859
List the prime factors of 179760378.
2, 3, 7, 4280009
List the prime factors of 33573955.
5, 1201, 5591
What are the prime factors of 53326344?
2, 3, 2221931
List the prime factors of 28672028.
2, 7, 11, 127, 733
What are the prime factors of 31843799?
13, 23, 106501
What are the prime factors of 401908146?
2, 3, 66984691
What are the prime factors of 49396222?
2, 29, 851659
List the prime factors of 42150388.
2, 7, 83, 2591
List the prime factors of 449632669.
20549, 21881
List the prime factors of 28141058.
2, 11, 97, 13187
List the prime factors of 1832072125.
5, 13, 139, 8111
List the prime factors of 485716681.
389, 661, 1889
What are the prime factors of 65328308?
2, 19, 47, 18289
List the prime factors of 1408846292.
2, 7, 50315939
What are the prime factors of 358707481?
11, 67, 486713
List the prime factors of 311252098.
2, 155626049
What are the prime factors of 141627559?
2887, 49057
List the prime factors of 31403788.
2, 13, 603919
List the prime factors of 289309579.
13, 1711891
List the prime factors of 4601122.
2, 89, 25849
What are the prime factors of 539510979?
3, 7, 47, 546617
List the prime factors of 3431861495.
5, 163, 1109, 3797
What are the prime factors of 5486585770?
2, 5, 548658577
List the prime factors of 75685387.
23, 37, 88937
What are the prime factors of 1571510561?
1571510561
What are the prime factors of 24799273?
24799273
List the prime factors of 243781553.
71, 3433543
List the prime factors of 684152354.
2, 2477, 138101
List the prime factors of 275370940.
2, 5, 13, 1059119
List the prime factors of 3110041722.
2, 3, 29, 17873803
What are the prime factors of 4145997662?
2, 2072998831
What are the prime factors of 1434054282?
2, 3, 127, 1881961
List the prime factors of 2000837242.
2, 349, 2866529
What are the prime factors of 389878656?
2, 3, 1015309
What are the prime factors of 2614082362?
2, 15937, 82013
What are the prime factors of 15084253?
17, 389, 2281
List the prime factors of 5682224659.
47, 120898397
List the prime factors of 281566804.
2, 367, 191803
List the prime factors of 1252551905.
5, 11, 29, 785299
List the prime factors of 4575092686.
2, 1871, 1222633
List the prime factors of 34298337.
3, 11432779
What are the prime factors of 794772624?
2, 3, 439, 37717
What are the prime factors of 185488868?
2, 19, 2440643
List the prime factors of 697174352.
2, 7, 17, 181
List the prime factors of 532594022.
2, 223, 1194157
List the prime factors of 3292961778.
2, 3, 17, 167, 64439
What are the prime factors of 19919400?
2, 3, 5, 33199
What are the prime